273952711?
273952711
List the prime factors of 29570681.
7, 4224383
List the prime factors of 29207878.
2, 7, 2086277
List the prime factors of 963810860.
2, 5, 23, 269, 7789
List the prime factors of 59115450.
2, 3, 5, 31, 12713
What are the prime factors of 195274647?
3, 19, 60103
List the prime factors of 15649020.
2, 3, 5, 86939
List the prime factors of 4837469373.
3, 11, 48863327
List the prime factors of 168927242.
2, 11, 7678511
What are the prime factors of 4476026620?
2, 5, 13, 17215487
What are the prime factors of 2166279?
3, 722093
List the prime factors of 293966645.
5, 7, 31, 270937
List the prime factors of 2804344331.
5231, 536101
What are the prime factors of 79722697?
67, 1189891
List the prime factors of 17859439.
13, 1373803
What are the prime factors of 440733037?
383, 1150739
What are the prime factors of 526326696?
2, 3, 7, 1044299
What are the prime factors of 580859231?
580859231
What are the prime factors of 194944595?
5, 701, 55619
What are the prime factors of 3637279574?
2, 17, 61, 283, 6197
List the prime factors of 18348196.
2, 4587049
List the prime factors of 20355255.
3, 5, 113, 4003
List the prime factors of 3308585142.
2, 3, 551430857
List the prime factors of 20163955.
5, 7, 17, 33889
What are the prime factors of 142371153?
3, 37, 427541
What are the prime factors of 2246316527?
7, 13, 137, 180181
What are the prime factors of 60381616?
2, 3773851
What are the prime factors of 1731228595?
5, 346245719
List the prime factors of 64949004.
2, 3, 1804139
List the prime factors of 18343120.
2, 5, 37, 6197
What are the prime factors of 1506749403?
3, 97, 331, 15643
What are the prime factors of 16867770?
2, 3, 5, 562259
List the prime factors of 45011348.
2, 197, 239
List the prime factors of 14550295.
5, 19, 103, 1487
List the prime factors of 1810121779.
233, 7768763
What are the prime factors of 324279554?
2, 162139777
What are the prime factors of 1158366637?
43, 61, 441619
What are the prime factors of 28705003?
1123, 25561
What are the prime factors of 20596032?
2, 3, 29, 137
List the prime factors of 5717652.
2, 3, 61, 73, 107
List the prime factors of 29661816.
2, 3, 1235909
What are the prime factors of 52604661?
3, 17534887
What are the prime factors of 4361387312?
2, 272586707
What are the prime factors of 65729237?
7, 97, 13829
What are the prime factors of 938105603?
823, 1139861
What are the prime factors of 742940031?
3, 631, 392467
What are the prime factors of 78084147?
3, 26028049
List the prime factors of 24452235.
3, 5, 543383
List the prime factors of 65757548.
2, 16439387
List the prime factors of 70517369.
13, 509, 10657
List the prime factors of 98370589.
98370589
What are the prime factors of 740230762?
2, 17, 401, 54293
What are the prime factors of 939871204?
2, 73, 3218737
List the prime factors of 2453018717.
2453018717
What are the prime factors of 28644006?
2, 3, 4774001
List the prime factors of 572580843.
3, 29, 2477, 2657
What are the prime factors of 8394734417?
61, 127, 1083611
List the prime factors of 32572939.
7, 4653277
What are the prime factors of 2876398?
2, 7, 599
What are the prime factors of 732502074?
2, 3, 5881, 20759
List the prime factors of 118170561.
3, 103, 382429
List the prime factors of 503198736.
2, 3, 19, 551753
List the prime factors of 9571581.
3, 71, 4993
What are the prime factors of 47265636?
2, 3, 11, 358073
What are the prime factors of 74821640?
2, 5, 1870541
List the prime factors of 38409346.
2, 19204673
What are the prime factors of 117033420?
2, 3, 5, 7, 278651
What are the prime factors of 1352503895?
5, 61, 1759, 2521
What are the prime factors of 106454979?
3, 1314259
List the prime factors of 47651856.
2, 3, 7, 37, 3833
What are the prime factors of 2706316958?
2, 809, 1672631
List the prime factors of 271290459.
3, 11, 8220923
What are the prime factors of 111102559?
439, 253081
What are the prime factors of 46976349?
3, 7, 319567
List the prime factors of 1560207.
3, 11, 47279
What are the prime factors of 83430904?
2, 53, 196771
What are the prime factors of 1479828674?
2, 2213, 334349
List the prime factors of 2795301190.
2, 5, 11, 593, 42853
What are the prime factors of 12123980?
2, 5, 11, 55109
What are the prime factors of 54317088?
2, 3, 7, 1283
What are the prime factors of 772218579?
3, 11, 3229, 7247
List the prime factors of 1285152799.
7, 19, 163, 59281
What are the prime factors of 130143268?
2, 32535817
List the prime factors of 680129281.
13, 313, 167149
List the prime factors of 3728946720.
2, 3, 5, 41, 189479
What are the prime factors of 21026846?
2, 10513423
List the prime factors of 87236935.
5, 37, 47, 79, 127
List the prime factors of 1696599454.
2, 11, 659, 117023
What are the prime factors of 46274227?
29, 31, 51473
List the prime factors of 1027814606.
2, 7, 13, 5647333
List the prime factors of 38719818.
2, 3, 2151101
What are the prime factors of 34332554?
2, 17, 1009781
List the prime factors of 13664585.
5, 11, 248447
List the prime factors of 177046072.
2, 7, 1181, 2677
What are the prime factors of 96232981?
13, 79, 93703
What are the prime factors of 437711100?
2, 3, 5, 53, 27529
List the prime factors of 113992240.
2, 5, 1424903
What are the prime factors of 5454832032?
2, 3, 13, 47, 10333
List the prime factors of 3941171.
13, 157, 1931
List the prime factors of 361512131.
9029, 40039
List the prime factors of 35812136.
2, 4476517
What are the prime factors of 3920513339?
8999, 435661
What are the prime factors of 50816416?
2, 7, 61, 3719
What are the prime factors of 265039491?
3, 31, 2849887
List the prime factors of 39085168.
2, 53, 46091
What are the prime factors of 2013557131?
37, 2161, 25183
List the prime factors of 106878346.
2, 283, 188831
What are the prime factors of 955300618?
2, 17, 83, 503, 673
List the prime factors of 562977752.
2, 19, 73, 113, 449
List the prime factors of 96102818.
2, 7, 980641
What are the prime factors of 118664097?
3, 17, 2326747
List the prime factors of 389953316.
2, 23, 653, 6491
What are the prime factors of 64921765?
5, 19, 127, 5381
What are the prime factors of 1260554469?
3, 163, 2577821
List the prime factors of 976127687.
976127687
List the prime factors of 2348475057.
3, 43, 6068411
What are the prime factors of 4622288622?
2, 3, 7, 110054491
What are the prime factors of 2369454731?
7, 5953, 8123
What are the prime factors of 394433373?
3, 241, 545551
List the prime factors of 33592083.
3, 7, 251, 6373
List the prime factors of 51295891.
53, 967847
List the prime factors of 101254511.
491, 206221
List the prime factors of 78561094.
2, 39280547
What are the prime factors of 2934329?
41, 71569
What are the prime factors of 117312264?
2, 3, 1629337
List the prime factors of 192627488.
2, 6019609
List the prime factors of 23865750.
2, 3, 5, 10607
List the prime factors of 176068185.
3, 5, 11737879
What are the prime factors of 8552506?
2, 29, 147457
List the prime factors of 25584987.
3, 151, 56479
What are the prime factors of 669832848?
2, 3, 1550539
What are the prime factors of 57237362?
2, 7, 13, 314491
What are the prime factors of 152832275?
5, 307, 19913
List the prime factors of 84361004.
2, 7, 13, 17, 13633
List the prime factors of 1203907672.
2, 11, 103, 317, 419
List the prime factors of 847399.
7, 17, 7121
List the prime factors of 50215058.
2, 857, 29297
List the prime factors of 166611371.
97, 197, 8719
What are the prime factors of 120669367?
7, 13, 1326037
What are the prime factors of 563900610?
2, 3, 5, 7, 13, 15889
What are the prime factors of 174460920?
2, 3, 5, 37, 39293
What are the prime factors of 121958526?
2, 3, 31, 601, 1091
What are the prime factors of 518203086?
2, 3, 2273, 37997
What are the prime factors of 353120536?
2, 41, 1076587
What are the prime factors of 2006901554?
2, 7, 143350111
List the prime factors of 853565905.
5, 71, 2404411
What are the prime factors of 49141338?
2, 3, 8190223
What are the prime factors of 51538316?
2, 103, 125093
What are the prime factors of 809667636?
2, 3, 17, 197, 20147
List the prime factors of 501555215.
5, 7, 457, 31357
What are the prime factors of 782856608?
2, 24464269
What are the prime factors of 15236968?
2, 1904621
What are the prime factors of 3838201599?
3, 379, 661, 